e -5*z = 2*m - 42, -2*z = -0*z - 8. Calculate the greatest common divisor of m and 77.
11
Let a be (63/2)/((-2)/(-4)). Let y = 57 - 41. Suppose 3*z - 15 = -3*r, z = 5*z + 5*r - y. What is the highest common divisor of a and z?
9
Suppose 6*t - 13*t = -112. Calculate the greatest common factor of 128 and t.
16
Let u be 5/(15/6) + 72. Suppose -3*h + 65 = 4*q, 2*h - q - u = -2*h. Let z = -108 - -317. Calculate the highest common divisor of h and z.
19
Let p(z) = 2*z**2 + 4*z - 8. Let m be p(-6). Let u(l) = -l + 18. Let j be u(13). What is the highest common factor of m and j?
5
Let o = -3 - -3. Let v(j) be the second derivative of -j**4/12 + 6*j**2 + j. Let g be v(o). What is the highest common factor of 8 and g?
4
Let r be ((-18)/(-27))/(1/3). What is the greatest common divisor of 22 and r?
2
Suppose -34 - 113 = -3*a. Let m(c) = c**2 - 3*c - 3. Let g be m(5). Suppose -4*u = g - 35. Calculate the highest common divisor of a and u.
7
Suppose -2*f - 4*j = -8, 0*j = -4*f + j + 25. Let a(g) = 4*g**2 - 2*g - 2. Let v be a(4). Calculate the greatest common divisor of f and v.
6
Suppose -p = 4*v - 25, v - 6 = -p + 1. Let o be (-204)/(-9) + (-4)/v. Calculate the highest common divisor of o and 55.
11
Let q(p) = p**2 + p + 4. Suppose -t + 5*b = 15, 3*t = -4*b + 12 - 0. Let s be q(t). Suppose -3 = -f + s. Calculate the greatest common divisor of 14 and f.
7
Let c = 10 + -7. Suppose 0 = c*g - 2*l - 434, 3*l - 716 = -5*g - l. Let h = 38 + -20. What is the greatest common divisor of h and g?
18
Let w be (-4 - -1) + 91 + 2. Let a be ((-16)/(-10))/(12/w). Calculate the highest common factor of 108 and a.
12
Let v = 8 + -1. Suppose 2*o - 3*p = -5*p - 34, -p - 35 = 2*o. Let k = -4 - o. What is the highest common factor of k and v?
7
Suppose 4*m = f - 183, -1 + 5 = 4*m. What is the highest common divisor of 17 and f?
17
Suppose 3*a - 3*k - 303 = 0, -3*a - 3*k = -2*k - 319. What is the highest common divisor of 15 and a?
15
Suppose 250 = 5*p - 2*y + 4*y, 275 = 5*p - 3*y. Let a be 8/p + (-513)/39. Let x(r) = -3*r - 12. Let i be x(a). What is the greatest common divisor of i and 3?
3
Let a = -2 + 6. Suppose -4*b - 35 = -3*u + 69, -124 = -a*u - 2*b. What is the greatest common factor of 16 and u?
16
Let p = -3 + 1. Let k be (4/p)/(4/(-6)). Calculate the highest common factor of k and 12.
3
Let d = -7 + 15. What is the greatest common factor of d and 2?
2
Let n(h) = 11*h**2 - 2*h - 1. Let c be 1 - 1 - (5 - 4). Let l be n(c). What is the greatest common factor of l and 96?
12
Let t(y) = y - 9. Let b be t(3). Let w be 4/(2 + b) - -6. Calculate the highest common factor of w and 55.
5
Let l be (1 - (3 - 1))*0. Suppose g - i - 197 = 0, l*g - 592 = -3*g + 4*i. Suppose -2*p = -4*p + g. Calculate the highest common divisor of 14 and p.
14
Suppose -4*y - 1201 = -c + 2*c, y - 4*c + 313 = 0. Let p = -191 - y. Let a = -80 - -90. What is the highest common divisor of a and p?
10
Let h(k) = k**2 - k + 1. Let p be h(2). What is the greatest common divisor of 6 and p?
3
Let p = 59 + -38. Suppose 0*l + p = l. Calculate the highest common factor of l and 14.
7
Let s = -6 + 4. Let u(h) = -32*h + 2. Let j be u(s). What is the greatest common factor of j and 6?
6
Let u be 144*1 - (-5 - -5). Let p(y) = y**2 - 6*y. Let i be p(8). Calculate the greatest common divisor of i and u.
16
Suppose -2*o - 3*o + 5*w + 1150 = 0, 4*w + 1145 = 5*o. Let y = o + -140. Calculate the greatest common factor of 17 and y.
17
Suppose 3*g = 445 + 5. Suppose r + 4*r + 299 = 4*h, 2*r = 2*h - g. What is the greatest common factor of h and 19?
19
Let b be 4/(-14) + 20/70. Let r(t) = -t**3 + t**2 + 8. Let q be r(b). Calculate the highest common factor of q and 1.
1
Suppose 4*p - 220 = 2*p. Let q be 3 - 1/(-3)*(32 - 11). Calculate the greatest common divisor of q and p.
10
Suppose 4*l - 51 = 9. What is the highest common factor of 45 and l?
15
Let r be 1/(-2)*2 + 13. Let o be (0 + 4 - 2) + 46. What is the highest common factor of o and r?
12
Suppose -7*j = -3*j - 4. What is the highest common divisor of 4 and j?
1
Let x(c) = -c**2 - 6*c - 6. Let d be x(-4). Let h be (-1)/(d + -3) - -4. Let p = 2 + 18. What is the greatest common factor of h and p?
5
Let f = -6 + 30. Calculate the highest common divisor of 16 and f.
8
Suppose -2 = o - 7, -2*x - 5*o + 125 = 0. Let v = 74 - x. What is the greatest common factor of 3 and v?
3
Let j be (-7 + 5)/(2/4). Let s be (2/j)/((-1)/(-42)). Let w = 66 + s. What is the highest common factor of 5 and w?
5
Let m(n) = -n**3 - 9*n**2 - 14*n + 5. Let x be m(-7). Suppose 2*w - 152 = -2*w - 4*q, -4*q - 93 = -3*w. What is the highest common divisor of x and w?
5
Suppose x - 26 = j + j, -2*x - 4*j = -28. Let f = 37 + -17. Calculate the greatest common divisor of f and x.
20
Suppose 4*x - 5 = 3*x. Suppose -4*q + 15 = -x. What is the greatest common divisor of q and 1?
1
Let a be ((-2)/(-6))/(12/792). Suppose 216 + a = r. Calculate the highest common divisor of r and 34.
34
Let k(c) = -2*c - 9. Let u be k(-6). Let i be 7/(-1) + -1 + u. Let m(h) = -h - 1. Let b be m(i). Calculate the greatest common divisor of b and 28.
4
Let p = 33 + -30. What is the highest common factor of p and 15?
3
Suppose n = 2 - 9. Let v(j) = -2*j - 2. Let q be v(7). Let z = n - q. Calculate the highest common factor of 63 and z.
9
Suppose -66 = -2*b - 22. What is the highest common divisor of 110 and b?
22
Suppose -3*x = 5*z - 115, x + 2*z = -x + 78. Let l = 25 + -20. What is the highest common divisor of x and l?
5
Let m(i) = -i - 70. Let o be m(0). Let s = -6 - o. What is the highest common factor of 8 and s?
8
Suppose o - 4*q = 5, -3*o = -q + 4*q + 45. Let i be 3/(-1) - (2 + o). What is the greatest common divisor of i and 24?
6
Suppose 2*o + 81 = 4*a + 17, o + 46 = 3*a. Let m be 1/(((-4)/(-2))/a). Let z(x) = -63*x. Let f be z(-1). What is the highest common divisor of m and f?
7
Suppose y = 7*y + 36. Let a(f) = 2*f**3 - 4*f**2 - f. Let z be a(3). Let m = z - y. What is the greatest common factor of 7 and m?
7
Let p(u) = -5*u - 3. Let o be p(-4). Calculate the greatest common divisor of 85 and o.
17
Let u be 19 + (2/(-1) - -1). Let h(d) = 41*d**2 + d - 4. Let l be h(2). What is the greatest common divisor of l and u?
18
Let x = 158 + -141. Let m be (-475)/(-4) - 2/(-8). What is the highest common factor of m and x?
17
Let r(n) = n**2 + 20*n - 45. Let d be r(-23). Let h = -49 - -35. Let a = 30 + h. What is the highest common factor of d and a?
8
Suppose -3*b = -4*s - 35, 3*b - 5*s = -b + 45. Suppose 0 = -5*f + 4*w + 36, f - b*w + 29 = 4*f. Calculate the greatest common divisor of f and 24.
8
Suppose -2*i + 2 = 0, -2*i = s + 3*i + 1. Let g be 8/2*s/(-8). Suppose 4*l + 4 = v, -2*v = -g*l + l - 20. Calculate the greatest common factor of v and 3.
3
Let x(p) = 3*p**3 - 2*p**2 + p. Let u be x(2). What is the greatest common factor of u and 72?
18
Let x(m) = 2*m**2 - 9*m + 3. Let r be x(6). Let l = -207 + 228. What is the greatest common factor of l and r?
21
Let x be 8/(-2) + 3*3. Suppose x*f - 536 = -61. What is the greatest common divisor of f and 38?
19
Suppose -5*k = -k - 8. Suppose 0 = -4*a - c + k*c + 42, 30 = 2*a - 5*c. What is the highest common factor of a and 25?
5
Let c = -6 + 10. Suppose -c*y + 260 = -0*y. What is the greatest common divisor of 26 and y?
13
Suppose 24 = -4*m + 44. Calculate the highest common factor of m and 10.
5
Let f(p) = -p**3 + 5*p**2 - 2*p + 1. Let w be f(5). Let o be (-60)/w*36/15. What is the greatest common factor of o and 4?
4
Suppose o - 2*o = -6. Suppose -2*v + 30 = 2*m, 39 = -2*m + 4*m + 5*v. What is the greatest common factor of m and o?
6
Suppose 0*a + 148 = a - y, 3*a = -y + 452. Calculate the highest common divisor of a and 15.
15
Let m = 19 + -11. What is the highest common divisor of m and 88?
8
Let d(n) = -7*n - 4*n - n + 4*n. Let y be d(-7). Let u be (8*-1)/((-1)/1). Calculate the greatest common divisor of u and y.
8
Let s(c) = -c**3 - 3*c**2 + 12*c + 3. Let t be s(-7). What is the greatest common factor of t and 5?
5
Suppose -4*f + 7*f = -168. Let v be ((-6)/(-4))/((-3)/f). Calculate the highest common divisor of 7 and v.
7
Suppose -4*t + 2*h = -72, 3*t - 28 = t + 3*h. Calculate the highest common divisor of t and 30.
10
Suppose -u + 4 = -8. What is the highest common